e greatest common divisor of 12 and 1956?
12
Calculate the highest common factor of 15 and 35.
5
What is the highest common divisor of 440 and 2090?
110
Calculate the greatest common divisor of 56 and 256.
8
What is the highest common divisor of 112 and 10696?
56
What is the greatest common factor of 168 and 126?
42
Calculate the greatest common divisor of 506 and 115.
23
Calculate the highest common factor of 428 and 321.
107
Calculate the highest common divisor of 638 and 783.
29
Calculate the highest common factor of 16 and 38096.
16
Calculate the greatest common factor of 54 and 2403.
27
What is the highest common divisor of 51 and 357?
51
Calculate the greatest common factor of 12496 and 66.
22
Calculate the highest common divisor of 107 and 6527.
107
Calculate the greatest common factor of 123 and 2337.
123
What is the greatest common factor of 849 and 57?
3
What is the highest common factor of 470 and 1504?
94
What is the highest common divisor of 150 and 240?
30
Calculate the highest common factor of 41 and 1107.
41
What is the highest common factor of 261 and 9?
9
What is the greatest common factor of 1346 and 4?
2
Calculate the greatest common factor of 24289 and 908.
227
What is the highest common divisor of 99 and 275?
11
What is the highest common divisor of 12 and 69?
3
Calculate the greatest common divisor of 69 and 2070.
69
What is the highest common factor of 40 and 4904?
8
Calculate the greatest common divisor of 137 and 28496.
137
Calculate the highest common divisor of 184 and 10.
2
What is the greatest common factor of 25 and 50?
25
What is the highest common divisor of 1369 and 37?
37
Calculate the greatest common divisor of 352 and 121.
11
What is the greatest common factor of 1196 and 52?
52
What is the highest common divisor of 266 and 1750?
14
Calculate the greatest common factor of 777 and 27713.
259
Calculate the highest common factor of 532 and 76.
76
What is the highest common divisor of 585 and 1575?
45
Calculate the greatest common divisor of 25675 and 158.
79
What is the greatest common divisor of 1053 and 39?
39
Calculate the highest common divisor of 78795 and 51.
51
Calculate the highest common factor of 2149 and 2.
1
Calculate the highest common divisor of 52 and 4888.
52
Calculate the greatest common factor of 36 and 23316.
12
What is the highest common factor of 4235 and 110?
55
Calculate the greatest common divisor of 49 and 434.
7
Calculate the greatest common divisor of 111 and 777.
111
Calculate the highest common divisor of 15 and 75.
15
Calculate the greatest common divisor of 3717 and 118.
59
What is the highest common divisor of 20061 and 27?
27
What is the highest common factor of 558 and 3162?
186
Calculate the greatest common factor of 55 and 66.
11
What is the greatest common factor of 308 and 8?
4
What is the greatest common factor of 520 and 3224?
104
Calculate the highest common factor of 32 and 36368.
16
Calculate the greatest common divisor of 598 and 39.
13
Calculate the highest common divisor of 68 and 391.
17
Calculate the greatest common divisor of 7 and 4.
1
What is the highest common factor of 242 and 638?
22
Calculate the greatest common factor of 72 and 1200.
24
What is the highest common factor of 132 and 2145?
33
What is the greatest common divisor of 1155 and 84?
21
What is the greatest common factor of 36 and 31806?
18
What is the greatest common divisor of 41 and 697?
41
What is the highest common factor of 90 and 108?
18
Calculate the greatest common factor of 4656 and 48.
48
Calculate the highest common divisor of 72 and 6968.
8
What is the greatest common divisor of 45 and 195?
15
What is the highest common divisor of 1248 and 1612?
52
What is the highest common divisor of 99 and 77?
11
What is the highest common factor of 15 and 320?
5
Calculate the highest common divisor of 30 and 3750.
30
Calculate the greatest common factor of 6656 and 52.
52
What is the highest common divisor of 68 and 2176?
68
What is the highest common divisor of 273 and 26?
13
What is the highest common divisor of 56 and 88?
8
What is the highest common divisor of 10030 and 850?
170
What is the highest common factor of 8248 and 16?
8
What is the highest common divisor of 777 and 999?
111
What is the greatest common factor of 235 and 220?
5
What is the highest common factor of 2839 and 668?
167
Calculate the greatest common divisor of 55 and 264.
11
What is the highest common factor of 290 and 4176?
58
Calculate the highest common divisor of 10 and 1340.
10
What is the greatest common factor of 120 and 696?
24
What is the highest common factor of 21 and 665?
7
Calculate the greatest common factor of 17 and 34.
17
What is the highest common factor of 25 and 10?
5
Calculate the highest common factor of 63 and 21.
21
Calculate the highest common factor of 21 and 63.
21
What is the greatest common factor of 3345 and 60?
15
What is the greatest common divisor of 2496 and 39?
39
What is the greatest common divisor of 264 and 8052?
132
What is the greatest common factor of 285 and 645?
15
Calculate the highest common divisor of 320 and 20.
20
Calculate the greatest common divisor of 9 and 33039.
9
Calculate the highest common divisor of 1104 and 48.
48
What is the highest common factor of 1144 and 55?
11
What is the greatest common divisor of 7 and 56?
7
Calculate the greatest common divisor of 54604 and 17.
17
Calculate the highest common factor of 129 and 7611.
129
What is the highest common divisor of 7 and 133?
7
Calculate the greatest common factor of 112 and 496.
16
Calculate the greatest common factor of 368 and 782.
46
Calculate the highest common divisor of 3546 and 72.
18
Calculate the greatest common factor of 32 and 376.
8
Calculate the greatest common divisor of 882 and 378.
126
What is the greatest common divisor of 30 and 170?
10
What is the greatest common factor of 70 and 3150?
70
What is the greatest common divisor of 85 and 845?
5
Calculate the highest common divisor of 19988 and 152.
76
Calculate the highest common divisor of 203 and 1848.
7
Calculate the highest common factor of 36 and 1854.
18
Calculate the highest common factor of 78 and 4238.
26
What is the highest common factor of 6848 and 64?
64
What is the greatest common divisor of 243 and 6?
3
What is the greatest common divisor of 14 and 4942?
14
What is the highest common divisor of 4016 and 80?
16
What is the greatest common factor of 176 and 22?
22
What is the greatest common divisor of 26 and 5486?
26
Calculate the highest common factor of 330 and 1230.
30
What is the highest common factor of 889 and 3302?
127
Calculate the highest common factor of 444 and 12.
12
Calculate the greatest common divisor of 20 and 2228.
4
Calculate the greatest common divisor of 72 and 135.
9
Calculate the greatest common divisor of 684 and 266.
38
What is the highest common factor of 243 and 351?
27
What is the highest common factor of 66 and 13860?
66
Calculate the highest common factor of 20608 and 161.
161
Calculate the greatest common divisor of 3017 and 21.
7
Calculate the greatest common divisor of 517 and 22.
11
What is the greatest common divisor of 6 and 366?
6
What is the greatest common divisor of 15470 and 340?
170
What is the highest common divisor of 2635 and 589?
31
Calculate the highest common divisor of 275 and 319.
11
What is the greatest common factor of 140 and 340?
20
What is the greatest common factor of 594 and 198?
198
What is the greatest common factor of 9 and 1629?
9
What is the highest common divisor of 377 and 104?
13
Calculate the highest common divisor of 1134 and 126.
126
What is the highest common divisor of 12 and 516?
12
What is the highest common factor of 30 and 54?
6
Calculate the greatest common factor of 34 and 340.
34
Calculate the highest common factor of 59 and 944.
59
What is the highest common divisor of 1702 and 92?
46
Calculate the greatest common factor of 5983 and 31.
31
What is the highest common factor of 1034 and 94?
94
What is the highest common factor of 248 and 104?
8
Calculate the highest common factor of 465 and 120.
15
Calculate the greatest common factor of 45 and 400.
5
Calculate the greatest common divisor of 47 and 74119.
47
What is the greatest common factor of 2235 and 300?
